CRAN Package Check Results for Package CSeqpat

Last updated on 2022-05-15 01:52:16 CEST.

Flavor Version Tinstall Tcheck Ttotal Status Flags
r-devel-linux-x86_64-debian-clang 0.1.2 2.15 37.83 39.98 NOTE
r-devel-linux-x86_64-debian-gcc 0.1.2 2.08 29.28 31.36 NOTE
r-devel-linux-x86_64-fedora-clang 0.1.2 49.59 NOTE
r-devel-linux-x86_64-fedora-gcc 0.1.2 47.94 NOTE
r-devel-windows-x86_64 0.1.2 10.00 52.00 62.00 NOTE
r-patched-linux-x86_64 0.1.2 2.15 36.60 38.75 NOTE
r-release-linux-x86_64 0.1.2 2.79 37.45 40.24 NOTE
r-release-macos-arm64 0.1.2 17.00 NOTE
r-release-macos-x86_64 0.1.2 23.00 NOTE
r-release-windows-x86_64 0.1.2 12.00 54.00 66.00 NOTE
r-oldrel-macos-arm64 0.1.2 24.00 NOTE
r-oldrel-macos-x86_64 0.1.2 31.00 NOTE
r-oldrel-windows-ix86+x86_64 0.1.2 8.00 48.00 56.00 NOTE

Check Details

Version: 0.1.2
Check: LazyData
Result: NOTE
     'LazyData' is specified without a 'data' directory
Flavors: r-devel-linux-x86_64-debian-clang, r-devel-linux-x86_64-debian-gcc, r-devel-linux-x86_64-fedora-clang, r-devel-linux-x86_64-fedora-gcc, r-devel-windows-x86_64, r-patched-linux-x86_64, r-release-linux-x86_64, r-release-macos-arm64, r-release-macos-x86_64, r-release-windows-x86_64, r-oldrel-macos-arm64, r-oldrel-macos-x86_64, r-oldrel-windows-ix86+x86_64