Last updated on 2022-05-15 01:52:15 CEST.
Flavor | Version | Tinstall | Tcheck | Ttotal | Status | Flags |
---|---|---|---|---|---|---|
r-devel-linux-x86_64-debian-clang | 1.0.1 | 143.21 | 87.13 | 230.34 | OK | |
r-devel-linux-x86_64-debian-gcc | 1.0.1 | 113.74 | 66.51 | 180.25 | OK | |
r-devel-linux-x86_64-fedora-clang | 1.0.1 | 333.62 | NOTE | |||
r-devel-linux-x86_64-fedora-gcc | 1.0.1 | 298.38 | NOTE | |||
r-devel-windows-x86_64 | 1.0.1 | 108.00 | 126.00 | 234.00 | OK | |
r-patched-linux-x86_64 | 1.0.1 | 83.27 | 85.37 | 168.64 | OK | |
r-release-linux-x86_64 | 1.0.1 | 87.88 | 84.95 | 172.83 | OK | |
r-release-macos-arm64 | 1.0.1 | 74.00 | NOTE | |||
r-release-macos-x86_64 | 1.0.1 | 117.00 | NOTE | |||
r-release-windows-x86_64 | 1.0.1 | 110.00 | 126.00 | 236.00 | OK | |
r-oldrel-macos-arm64 | 1.0.1 | 84.00 | NOTE | |||
r-oldrel-macos-x86_64 | 1.0.1 | 91.00 | NOTE | |||
r-oldrel-windows-ix86+x86_64 | 1.0.1 | 319.00 | 139.00 | 458.00 | OK |
Version: 1.0.1
Check: installed package size
Result: NOTE
installed size is 7.6Mb
sub-directories of 1Mb or more:
libs 7.4Mb
Flavors: r-devel-linux-x86_64-fedora-clang, r-release-macos-arm64, r-release-macos-x86_64, r-oldrel-macos-arm64, r-oldrel-macos-x86_64
Version: 1.0.1
Check: dependencies in R code
Result: NOTE
Namespace in Imports field not imported from: ‘formula.tools’
All declared Imports should be used.
Flavors: r-devel-linux-x86_64-fedora-clang, r-devel-linux-x86_64-fedora-gcc, r-release-macos-arm64, r-release-macos-x86_64, r-oldrel-macos-arm64, r-oldrel-macos-x86_64