Last updated on 2022-05-15 01:52:15 CEST.
Flavor | Version | Tinstall | Tcheck | Ttotal | Status | Flags |
---|---|---|---|---|---|---|
r-devel-linux-x86_64-debian-clang | 1.0.10 | 9.22 | 77.99 | 87.21 | OK | |
r-devel-linux-x86_64-debian-gcc | 1.0.10 | 6.87 | 58.48 | 65.35 | OK | |
r-devel-linux-x86_64-fedora-clang | 1.0.10 | 110.78 | OK | |||
r-devel-linux-x86_64-fedora-gcc | 1.0.10 | 98.12 | OK | |||
r-devel-windows-x86_64 | 1.0.10 | 43.00 | 94.00 | 137.00 | OK | |
r-patched-linux-x86_64 | 1.0.10 | 8.79 | 74.78 | 83.57 | OK | |
r-release-linux-x86_64 | 1.0.10 | 8.22 | 74.89 | 83.11 | OK | |
r-release-macos-arm64 | 1.0.10 | 31.00 | NOTE | |||
r-release-macos-x86_64 | 1.0.10 | 54.00 | OK | |||
r-release-windows-x86_64 | 1.0.10 | 61.00 | 117.00 | 178.00 | OK | |
r-oldrel-macos-arm64 | 1.0.10 | 26.00 | OK | |||
r-oldrel-macos-x86_64 | 1.0.10 | 41.00 | OK | |||
r-oldrel-windows-ix86+x86_64 | 1.0.10 | 23.00 | 91.00 | 114.00 | OK |
Version: 1.0.10
Check: package dependencies
Result: NOTE
Packages suggested but not available for checking:
'AnnotationDbi', 'KEGGREST', 'GO.db'
Flavor: r-release-macos-arm64