Last updated on 2022-05-15 01:52:15 CEST.
Flavor | Version | Tinstall | Tcheck | Ttotal | Status | Flags |
---|---|---|---|---|---|---|
r-devel-linux-x86_64-debian-clang | 0.9.7 | 1814.64 | 53.83 | 1868.47 | WARN | |
r-devel-linux-x86_64-debian-gcc | 0.9.7 | 1401.66 | 48.90 | 1450.56 | WARN | |
r-devel-linux-x86_64-fedora-clang | 0.9.7 | 2868.10 | WARN | |||
r-devel-linux-x86_64-fedora-gcc | 0.9.7 | 2200.48 | NOTE | |||
r-devel-windows-x86_64 | 0.9.7 | 2166.00 | 108.00 | 2274.00 | NOTE | |
r-patched-linux-x86_64 | 0.9.7 | 1640.37 | 60.87 | 1701.24 | NOTE | |
r-release-linux-x86_64 | 0.9.7 | 1640.09 | 60.17 | 1700.26 | NOTE | |
r-release-macos-arm64 | 0.9.7 | 143.00 | NOTE | |||
r-release-macos-x86_64 | 0.9.7 | 306.00 | NOTE | |||
r-release-windows-x86_64 | 0.9.7 | 2670.00 | 108.00 | 2778.00 | NOTE | |
r-oldrel-macos-arm64 | 0.9.7 | 188.00 | NOTE | |||
r-oldrel-macos-x86_64 | 0.9.7 | 281.00 | NOTE | |||
r-oldrel-windows-ix86+x86_64 | 0.9.7 | 3851.00 | 86.00 | 3937.00 | NOTE |
Version: 0.9.7
Check: whether package can be installed
Result: WARN
Found the following significant warnings:
../inst/include/Models/IRT/IRT.hpp:41:23: warning: 'binary_function<bool, BOOM::Ptr<BOOM::IRT::Subject>, BOOM::Ptr<BOOM::IRT::Subject>>' is deprecated [-Wdeprecated-declarations]
stats/Design.cpp:536:12: warning: use of bitwise '&' with boolean operands [-Wbitwise-instead-of-logical]
Flavor: r-devel-linux-x86_64-debian-clang
Version: 0.9.7
Check: for GNU extensions in Makefiles
Result: NOTE
GNU make is a SystemRequirements.
Flavors: r-devel-linux-x86_64-debian-clang, r-devel-linux-x86_64-debian-gcc, r-devel-linux-x86_64-fedora-clang, r-devel-linux-x86_64-fedora-gcc, r-devel-windows-x86_64, r-patched-linux-x86_64, r-release-linux-x86_64, r-release-macos-arm64, r-release-macos-x86_64, r-release-windows-x86_64, r-oldrel-macos-arm64, r-oldrel-macos-x86_64, r-oldrel-windows-ix86+x86_64
Version: 0.9.7
Check: whether package can be installed
Result: WARN
Found the following significant warnings:
../inst/include/Models/IRT/IRT.hpp:41:23: warning: ‘template<class _Arg1, class _Arg2, class _Result> struct std::binary_function’ is deprecated [-Wdeprecated-declarations]
/usr/include/c++/12/bits/stl_vector.h:988:40: warning: array subscript 0 is outside array bounds of ‘const std::vector<double> [0]’ [-Warray-bounds]
/usr/include/c++/12/bits/stl_vector.h:988:66: warning: array subscript 0 is outside array bounds of ‘const std::vector<double> [0]’ [-Warray-bounds]
/usr/include/c++/12/bits/stl_iterator.h:1073:9: warning: array subscript 1 is outside array bounds of ‘const std::vector<double> [0]’ [-Warray-bounds]
/usr/include/c++/12/bits/stl_iterator.h:1073:9: warning: array subscript 0 is outside array bounds of ‘const std::vector<double> [0]’ [-Warray-bounds]
Flavor: r-devel-linux-x86_64-debian-gcc
Version: 0.9.7
Check: whether package can be installed
Result: WARN
Found the following significant warnings:
stats/Design.cpp:536:12: warning: use of bitwise '&' with boolean operands [-Wbitwise-instead-of-logical]
Flavor: r-devel-linux-x86_64-fedora-clang
Version: 0.9.7
Check: installed package size
Result: NOTE
installed size is 231.7Mb
sub-directories of 1Mb or more:
include 9.0Mb
lib 222.3Mb
Flavors: r-devel-linux-x86_64-fedora-clang, r-devel-windows-x86_64, r-release-macos-arm64, r-release-macos-x86_64, r-release-windows-x86_64, r-oldrel-macos-arm64, r-oldrel-macos-x86_64, r-oldrel-windows-ix86+x86_64