Last updated on 2022-05-15 01:52:14 CEST.
Flavor | Version | Tinstall | Tcheck | Ttotal | Status | Flags |
---|---|---|---|---|---|---|
r-devel-linux-x86_64-debian-clang | 0.1.7 | 31.13 | 271.93 | 303.06 | NOTE | |
r-devel-linux-x86_64-debian-gcc | 0.1.7 | 24.73 | 197.38 | 222.11 | NOTE | |
r-devel-linux-x86_64-fedora-clang | 0.1.7 | 378.04 | NOTE | |||
r-devel-linux-x86_64-fedora-gcc | 0.1.7 | 397.48 | NOTE | |||
r-devel-windows-x86_64 | 0.1.7 | 193.00 | 336.00 | 529.00 | NOTE | |
r-patched-linux-x86_64 | 0.1.7 | 30.35 | 257.52 | 287.87 | NOTE | |
r-release-linux-x86_64 | 0.1.7 | 28.15 | 258.08 | 286.23 | NOTE | |
r-release-macos-arm64 | 0.1.7 | 88.00 | NOTE | |||
r-release-macos-x86_64 | 0.1.7 | 150.00 | NOTE | |||
r-release-windows-x86_64 | 0.1.7 | 207.00 | 313.00 | 520.00 | NOTE | |
r-oldrel-macos-arm64 | 0.1.7 | 96.00 | NOTE | |||
r-oldrel-macos-x86_64 | 0.1.7 | 183.00 | NOTE | |||
r-oldrel-windows-ix86+x86_64 | 0.1.7 | 75.00 | 377.00 | 452.00 | NOTE |
Version: 0.1.7
Check: LazyData
Result: NOTE
'LazyData' is specified without a 'data' directory
Flavors: r-devel-linux-x86_64-debian-clang, r-devel-linux-x86_64-debian-gcc, r-devel-linux-x86_64-fedora-clang, r-devel-linux-x86_64-fedora-gcc, r-devel-windows-x86_64, r-patched-linux-x86_64, r-release-linux-x86_64, r-release-macos-arm64, r-release-macos-x86_64, r-release-windows-x86_64, r-oldrel-macos-arm64, r-oldrel-macos-x86_64, r-oldrel-windows-ix86+x86_64