Last updated on 2022-05-15 01:52:14 CEST.
Flavor | Version | Tinstall | Tcheck | Ttotal | Status | Flags |
---|---|---|---|---|---|---|
r-devel-linux-x86_64-debian-clang | 2.0.1 | 12.17 | 74.32 | 86.49 | WARN | |
r-devel-linux-x86_64-debian-gcc | 2.0.1 | 12.47 | 57.65 | 70.12 | OK | |
r-devel-linux-x86_64-fedora-clang | 2.0.1 | 116.96 | WARN | |||
r-devel-linux-x86_64-fedora-gcc | 2.0.1 | 115.58 | OK | |||
r-devel-windows-x86_64 | 2.0.1 | 57.00 | 145.00 | 202.00 | OK | |
r-patched-linux-x86_64 | 2.0.1 | 16.09 | 72.25 | 88.34 | OK | |
r-release-linux-x86_64 | 2.0.1 | 13.55 | 72.61 | 86.16 | OK | |
r-release-macos-arm64 | 2.0.1 | 37.00 | NOTE | |||
r-release-macos-x86_64 | 2.0.1 | 48.00 | NOTE | |||
r-release-windows-x86_64 | 2.0.1 | 67.00 | 145.00 | 212.00 | OK | |
r-oldrel-macos-arm64 | 2.0.1 | 109.00 | NOTE | |||
r-oldrel-macos-x86_64 | 2.0.1 | 130.00 | NOTE | |||
r-oldrel-windows-ix86+x86_64 | 2.0.1 | 35.00 | 117.00 | 152.00 | OK |
Version: 2.0.1
Check: whether package can be installed
Result: WARN
Found the following significant warnings:
priorprob.c:45:14: warning: use of bitwise '&' with boolean operands [-Wbitwise-instead-of-logical]
priorprob.c:93:14: warning: use of bitwise '&' with boolean operands [-Wbitwise-instead-of-logical]
priorprob.c:141:14: warning: use of bitwise '&' with boolean operands [-Wbitwise-instead-of-logical]
Flavors: r-devel-linux-x86_64-debian-clang, r-devel-linux-x86_64-fedora-clang
Version: 2.0.1
Check: installed package size
Result: NOTE
installed size is 6.6Mb
sub-directories of 1Mb or more:
doc 2.7Mb
libs 3.5Mb
Flavors: r-release-macos-arm64, r-release-macos-x86_64, r-oldrel-macos-arm64, r-oldrel-macos-x86_64