Last updated on 2022-05-15 01:52:14 CEST.
Flavor | Version | Tinstall | Tcheck | Ttotal | Status | Flags |
---|---|---|---|---|---|---|
r-devel-linux-x86_64-debian-clang | 1.0.0 | 11.12 | 384.58 | 395.70 | NOTE | |
r-devel-linux-x86_64-debian-gcc | 1.0.0 | 9.05 | 278.11 | 287.16 | NOTE | |
r-devel-linux-x86_64-fedora-clang | 1.0.0 | 474.73 | NOTE | |||
r-devel-linux-x86_64-fedora-gcc | 1.0.0 | 460.74 | NOTE | |||
r-devel-windows-x86_64 | 1.0.0 | 29.00 | 408.00 | 437.00 | NOTE | |
r-patched-linux-x86_64 | 1.0.0 | 10.00 | 369.27 | 379.27 | NOTE | |
r-release-linux-x86_64 | 1.0.0 | 10.32 | 362.96 | 373.28 | NOTE | |
r-release-macos-arm64 | 1.0.0 | 111.00 | NOTE | |||
r-release-macos-x86_64 | 1.0.0 | 146.00 | NOTE | |||
r-release-windows-x86_64 | 1.0.0 | 32.00 | 395.00 | 427.00 | NOTE | |
r-oldrel-macos-arm64 | 1.0.0 | 124.00 | NOTE | |||
r-oldrel-macos-x86_64 | 1.0.0 | 229.00 | NOTE | |||
r-oldrel-windows-ix86+x86_64 | 1.0.0 | 21.00 | 427.00 | 448.00 | NOTE |
Version: 1.0.0
Check: LazyData
Result: NOTE
'LazyData' is specified without a 'data' directory
Flavors: r-devel-linux-x86_64-debian-clang, r-devel-linux-x86_64-debian-gcc, r-devel-linux-x86_64-fedora-clang, r-devel-linux-x86_64-fedora-gcc, r-devel-windows-x86_64, r-patched-linux-x86_64, r-release-linux-x86_64, r-release-macos-arm64, r-release-macos-x86_64, r-release-windows-x86_64, r-oldrel-macos-arm64, r-oldrel-macos-x86_64, r-oldrel-windows-ix86+x86_64