Last updated on 2022-05-15 01:52:14 CEST.
Flavor | Version | Tinstall | Tcheck | Ttotal | Status | Flags |
---|---|---|---|---|---|---|
r-devel-linux-x86_64-debian-clang | 2016.05.31 | 2.31 | 45.28 | 47.59 | OK | |
r-devel-linux-x86_64-debian-gcc | 2016.05.31 | 2.08 | 35.42 | 37.50 | OK | |
r-devel-linux-x86_64-fedora-clang | 2016.05.31 | 57.66 | NOTE | |||
r-devel-linux-x86_64-fedora-gcc | 2016.05.31 | 60.73 | OK | |||
r-devel-windows-x86_64 | 2016.05.31 | 17.00 | 78.00 | 95.00 | OK | |
r-patched-linux-x86_64 | 2016.05.31 | 2.85 | 44.41 | 47.26 | OK | |
r-release-linux-x86_64 | 2016.05.31 | 1.98 | 43.83 | 45.81 | OK | |
r-release-macos-arm64 | 2016.05.31 | 22.00 | OK | |||
r-release-macos-x86_64 | 2016.05.31 | 31.00 | OK | |||
r-release-windows-x86_64 | 2016.05.31 | 12.00 | 76.00 | 88.00 | OK | |
r-oldrel-macos-arm64 | 2016.05.31 | 28.00 | OK | |||
r-oldrel-macos-x86_64 | 2016.05.31 | 39.00 | OK | |||
r-oldrel-windows-ix86+x86_64 | 2016.05.31 | 7.00 | 60.00 | 67.00 | OK |
Version: 2016.05.31
Check: Rd cross-references
Result: NOTE
Undeclared package ‘conf.design’ in Rd xrefs
Flavor: r-devel-linux-x86_64-fedora-clang