Last updated on 2022-05-15 01:52:14 CEST.
Flavor | Version | Tinstall | Tcheck | Ttotal | Status | Flags |
---|---|---|---|---|---|---|
r-devel-linux-x86_64-debian-clang | 1.78.0-0 | 30.45 | 54.90 | 85.35 | OK | |
r-devel-linux-x86_64-debian-gcc | 1.78.0-0 | 17.43 | 43.75 | 61.18 | OK | |
r-devel-linux-x86_64-fedora-clang | 1.78.0-0 | 76.52 | NOTE | |||
r-devel-linux-x86_64-fedora-gcc | 1.78.0-0 | 75.06 | OK | |||
r-devel-windows-x86_64 | 1.78.0-0 | 12044.00 | 350.00 | 12394.00 | NOTE | |
r-patched-linux-x86_64 | 1.78.0-0 | 27.75 | 54.59 | 82.34 | OK | |
r-release-linux-x86_64 | 1.78.0-0 | 30.90 | 54.58 | 85.48 | OK | |
r-release-macos-arm64 | 1.78.0-0 | 60.00 | NOTE | |||
r-release-macos-x86_64 | 1.78.0-0 | 92.00 | NOTE | |||
r-release-windows-x86_64 | 1.78.0-0 | 599.00 | 257.00 | 856.00 | NOTE | |
r-oldrel-macos-arm64 | 1.78.0-0 | 48.00 | NOTE | |||
r-oldrel-macos-x86_64 | 1.78.0-0 | 116.00 | NOTE | |||
r-oldrel-windows-ix86+x86_64 | 1.78.0-0 | 128.00 | 56.00 | 184.00 | NOTE |
Version: 1.78.0-0
Check: installed package size
Result: NOTE
installed size is 150.7Mb
sub-directories of 1Mb or more:
include 150.6Mb
Flavors: r-devel-linux-x86_64-fedora-clang, r-devel-windows-x86_64, r-release-macos-arm64, r-release-macos-x86_64, r-release-windows-x86_64, r-oldrel-macos-arm64, r-oldrel-macos-x86_64, r-oldrel-windows-ix86+x86_64