Last updated on 2022-05-15 01:52:14 CEST.
Flavor | Version | Tinstall | Tcheck | Ttotal | Status | Flags |
---|---|---|---|---|---|---|
r-devel-linux-x86_64-debian-clang | 2.1 | 6.46 | 55.20 | 61.66 | OK | |
r-devel-linux-x86_64-debian-gcc | 2.1 | 4.16 | 42.99 | 47.15 | OK | |
r-devel-linux-x86_64-fedora-clang | 2.1 | 78.65 | OK | |||
r-devel-linux-x86_64-fedora-gcc | 2.1 | 79.06 | OK | |||
r-devel-windows-x86_64 | 2.1 | 25.00 | 96.00 | 121.00 | OK | |
r-patched-linux-x86_64 | 2.1 | 7.19 | 53.60 | 60.79 | OK | |
r-release-linux-x86_64 | 2.1 | 4.90 | 52.18 | 57.08 | NOTE | |
r-release-macos-arm64 | 2.1 | 24.00 | OK | |||
r-release-macos-x86_64 | 2.1 | 33.00 | OK | |||
r-release-windows-x86_64 | 2.1 | 27.00 | 70.00 | 97.00 | OK | |
r-oldrel-macos-arm64 | 2.1 | 27.00 | OK | |||
r-oldrel-macos-x86_64 | 2.1 | 42.00 | OK | |||
r-oldrel-windows-ix86+x86_64 | 2.1 | 13.00 | 69.00 | 82.00 | OK |
Version: 2.1
Check: package dependencies
Result: NOTE
Suggests orphaned package: ‘geiger’
Flavor: r-release-linux-x86_64