CRAN Package Check Results for Package AzureKusto

Last updated on 2022-05-15 01:52:13 CEST.

Flavor Version Tinstall Tcheck Ttotal Status Flags
r-devel-linux-x86_64-debian-clang 1.0.6 14.21 83.46 97.67 OK
r-devel-linux-x86_64-debian-gcc 1.0.6 10.78 62.39 73.17 OK
r-devel-linux-x86_64-fedora-clang 1.0.6 113.92 NOTE
r-devel-linux-x86_64-fedora-gcc 1.0.6 126.00 NOTE
r-devel-windows-x86_64 1.0.6 110.00 104.00 214.00 OK
r-patched-linux-x86_64 1.0.6 17.19 77.19 94.38 OK
r-release-linux-x86_64 1.0.6 10.72 78.95 89.67 OK
r-release-macos-arm64 1.0.6 30.00 NOTE
r-release-macos-x86_64 1.0.6 56.00 NOTE
r-release-windows-x86_64 1.0.6 95.00 101.00 196.00 OK
r-oldrel-macos-arm64 1.0.6 37.00 NOTE
r-oldrel-macos-x86_64 1.0.6 45.00 NOTE
r-oldrel-windows-ix86+x86_64 1.0.6 25.00 91.00 116.00 OK

Check Details

Version: 1.0.6
Check: dependencies in R code
Result: NOTE
    Namespace in Imports field not imported from: ‘tibble’
     All declared Imports should be used.
Flavors: r-devel-linux-x86_64-fedora-clang, r-devel-linux-x86_64-fedora-gcc, r-release-macos-arm64, r-release-macos-x86_64, r-oldrel-macos-arm64, r-oldrel-macos-x86_64