Last updated on 2022-05-15 01:52:13 CEST.
Flavor | Version | Tinstall | Tcheck | Ttotal | Status | Flags |
---|---|---|---|---|---|---|
r-devel-linux-x86_64-debian-clang | 2.3.4 | 536.33 | 91.83 | 628.16 | NOTE | |
r-devel-linux-x86_64-debian-gcc | 2.3.4 | 393.17 | 83.93 | 477.10 | NOTE | |
r-devel-linux-x86_64-fedora-clang | 2.3.4 | 1333.52 | NOTE | |||
r-devel-linux-x86_64-fedora-gcc | 2.3.4 | 753.50 | NOTE | |||
r-devel-windows-x86_64 | 2.3.4 | 305.00 | 137.00 | 442.00 | NOTE | |
r-patched-linux-x86_64 | 2.3.4 | 346.04 | 89.96 | 436.00 | NOTE | |
r-release-linux-x86_64 | 2.3.4 | 331.15 | 92.22 | 423.37 | NOTE | |
r-release-macos-arm64 | 2.3.4 | 229.00 | NOTE | |||
r-release-macos-x86_64 | 2.3.4 | 415.00 | NOTE | |||
r-release-windows-x86_64 | 2.3.4 | 304.00 | 144.00 | 448.00 | NOTE | |
r-oldrel-macos-arm64 | 2.3.4 | 253.00 | NOTE | |||
r-oldrel-macos-x86_64 | 2.3.4 | 351.00 | NOTE | |||
r-oldrel-windows-ix86+x86_64 | 2.3.4 | 764.00 | 9.00 | 773.00 | ERROR |
Version: 2.3.4
Check: LazyData
Result: NOTE
'LazyData' is specified without a 'data' directory
Flavors: r-devel-linux-x86_64-debian-clang, r-devel-linux-x86_64-debian-gcc, r-devel-linux-x86_64-fedora-clang, r-devel-linux-x86_64-fedora-gcc, r-devel-windows-x86_64, r-patched-linux-x86_64, r-release-linux-x86_64, r-release-macos-arm64, r-release-macos-x86_64, r-release-windows-x86_64, r-oldrel-macos-arm64, r-oldrel-macos-x86_64
Version: 2.3.4
Check: installed package size
Result: NOTE
installed size is 37.1Mb
sub-directories of 1Mb or more:
cereal 1.4Mb
libs 35.5Mb
Flavors: r-devel-linux-x86_64-fedora-clang, r-release-macos-arm64, r-release-macos-x86_64, r-oldrel-macos-arm64, r-oldrel-macos-x86_64
Version: 2.3.4
Check: whether package can be installed
Result: ERROR
Installation failed.
Flavor: r-oldrel-windows-ix86+x86_64