Last updated on 2022-04-08 01:49:02 CEST.
Flavor | Version | Tinstall | Tcheck | Ttotal | Status | Flags |
---|---|---|---|---|---|---|
r-devel-linux-x86_64-debian-clang | 0.3.0 | 12.64 | 112.54 | 125.18 | OK | |
r-devel-linux-x86_64-debian-gcc | 0.3.0 | 9.03 | 81.51 | 90.54 | OK | |
r-devel-linux-x86_64-fedora-clang | 0.3.0 | 145.46 | OK | |||
r-devel-linux-x86_64-fedora-gcc | 0.3.0 | 132.20 | OK | |||
r-devel-windows-x86_64-new-UL | 0.3.0 | 48.00 | 122.00 | 170.00 | OK | |
r-patched-linux-x86_64 | 0.3.0 | 13.56 | 107.34 | 120.90 | OK | |
r-release-linux-x86_64 | 0.3.0 | 10.10 | 105.14 | 115.24 | OK | |
r-release-macos-arm64 | 0.3.0 | NOTE | ||||
r-release-macos-x86_64 | 0.3.0 | OK | ||||
r-release-windows-ix86+x86_64 | 0.3.0 | 18.00 | 122.00 | 140.00 | OK | |
r-oldrel-macos-x86_64 | 0.3.0 | OK | ||||
r-oldrel-windows-ix86+x86_64 | 0.3.0 | 16.00 | 119.00 | 135.00 | OK |
Version: 0.3.0
Check: package dependencies
Result: NOTE
Package suggested but not available for checking: ‘rjags’
Flavor: r-release-macos-arm64