Last updated on 2022-04-08 01:49:02 CEST.
Flavor | Version | Tinstall | Tcheck | Ttotal | Status | Flags |
---|---|---|---|---|---|---|
r-devel-linux-x86_64-debian-clang | 0.2 | 3.91 | 39.70 | 43.61 | OK | |
r-devel-linux-x86_64-debian-gcc | 0.2 | 2.80 | 30.33 | 33.13 | OK | |
r-devel-linux-x86_64-fedora-clang | 0.2 | 51.90 | NOTE | |||
r-devel-linux-x86_64-fedora-gcc | 0.2 | 39.89 | NOTE | |||
r-devel-windows-x86_64-new-UL | 0.2 | 37.00 | 78.00 | 115.00 | NOTE | |
r-patched-linux-x86_64 | 0.2 | 3.51 | 37.63 | 41.14 | OK | |
r-release-linux-x86_64 | 0.2 | 2.97 | 36.50 | 39.47 | OK | |
r-release-macos-arm64 | 0.2 | OK | ||||
r-release-macos-x86_64 | 0.2 | OK | ||||
r-release-windows-ix86+x86_64 | 0.2 | 58.00 | 74.00 | 132.00 | NOTE | |
r-oldrel-macos-x86_64 | 0.2 | OK | ||||
r-oldrel-windows-ix86+x86_64 | 0.2 | 59.00 | 74.00 | 133.00 | NOTE |
Version: 0.2
Check: compiled code
Result: NOTE
File ‘wingui/libs/wingui.so’:
Found no calls to: ‘R_registerRoutines’, ‘R_useDynamicSymbols’
It is good practice to register native routines and to disable symbol
search.
See ‘Writing portable packages’ in the ‘Writing R Extensions’ manual.
Flavors: r-devel-linux-x86_64-fedora-clang, r-devel-linux-x86_64-fedora-gcc
Version: 0.2
Check: R code for possible problems
Result: NOTE
.__A__.1 : <anonymous>: no visible binding for global variable '.hwnd'
Undefined global functions or variables:
.hwnd
Flavors: r-devel-windows-x86_64-new-UL, r-release-windows-ix86+x86_64, r-oldrel-windows-ix86+x86_64