Last updated on 2022-04-08 01:49:02 CEST.
Flavor | Version | Tinstall | Tcheck | Ttotal | Status | Flags |
---|---|---|---|---|---|---|
r-devel-linux-x86_64-debian-clang | 2.4.2 | 11.50 | 114.33 | 125.83 | OK | |
r-devel-linux-x86_64-debian-gcc | 2.4.2 | 9.64 | 84.95 | 94.59 | OK | |
r-devel-linux-x86_64-fedora-clang | 2.4.2 | 148.78 | NOTE | |||
r-devel-linux-x86_64-fedora-gcc | 2.4.2 | 143.44 | OK | |||
r-devel-windows-x86_64-new-UL | 2.4.2 | 29.00 | 130.00 | 159.00 | OK | |
r-patched-linux-x86_64 | 2.4.2 | 10.05 | 107.72 | 117.77 | OK | |
r-release-linux-x86_64 | 2.4.2 | 11.27 | 103.41 | 114.68 | OK | |
r-release-macos-arm64 | 2.4.2 | OK | ||||
r-release-macos-x86_64 | 2.4.2 | OK | ||||
r-release-windows-ix86+x86_64 | 2.4.2 | 19.00 | 118.00 | 137.00 | OK | |
r-oldrel-macos-x86_64 | 2.4.2 | OK | ||||
r-oldrel-windows-ix86+x86_64 | 2.4.2 | 25.00 | 120.00 | 145.00 | OK |
Version: 2.4.2
Check: package dependencies
Result: NOTE
Imports includes 31 non-default packages.
Importing from so many packages makes the package vulnerable to any of
them becoming unavailable. Move as many as possible to Suggests and
use conditionally.
Flavor: r-devel-linux-x86_64-fedora-clang