CRAN Package Check Results for Package vennLasso

Last updated on 2022-04-08 01:49:02 CEST.

Flavor Version Tinstall Tcheck Ttotal Status Flags
r-devel-linux-x86_64-debian-clang 0.1.6 88.73 214.32 303.05 NOTE
r-devel-linux-x86_64-debian-gcc 0.1.6 74.08 159.45 233.53 NOTE
r-devel-linux-x86_64-fedora-clang 0.1.6 384.68 NOTE
r-devel-linux-x86_64-fedora-gcc 0.1.6 359.78 NOTE
r-devel-windows-x86_64-new-UL 0.1.6 79.00 293.00 372.00 NOTE
r-patched-linux-x86_64 0.1.6 80.52 202.50 283.02 NOTE
r-release-linux-x86_64 0.1.6 80.66 199.62 280.28 NOTE
r-release-macos-arm64 0.1.6 NOTE
r-release-macos-x86_64 0.1.6 NOTE
r-release-windows-ix86+x86_64 0.1.6 170.00 303.00 473.00 NOTE
r-oldrel-macos-x86_64 0.1.6 NOTE
r-oldrel-windows-ix86+x86_64 0.1.6 172.00 303.00 475.00 OK

Check Details

Version: 0.1.6
Check: LazyData
Result: NOTE
     'LazyData' is specified without a 'data' directory
Flavors: r-devel-linux-x86_64-debian-clang, r-devel-linux-x86_64-debian-gcc, r-devel-linux-x86_64-fedora-clang, r-devel-linux-x86_64-fedora-gcc, r-devel-windows-x86_64-new-UL, r-patched-linux-x86_64, r-release-linux-x86_64, r-release-macos-arm64, r-release-macos-x86_64, r-release-windows-ix86+x86_64

Version: 0.1.6
Check: installed package size
Result: NOTE
     installed size is 21.7Mb
     sub-directories of 1Mb or more:
     libs 21.2Mb
Flavors: r-devel-linux-x86_64-fedora-clang, r-release-macos-arm64, r-release-macos-x86_64, r-oldrel-macos-x86_64