CRAN Package Check Results for Package vegalite

Last updated on 2022-04-08 01:49:02 CEST.

Flavor Version Tinstall Tcheck Ttotal Status Flags
r-devel-linux-x86_64-debian-clang 0.6.1 5.19 65.86 71.05 OK
r-devel-linux-x86_64-debian-gcc 0.6.1 4.46 50.55 55.01 OK
r-devel-linux-x86_64-fedora-clang 0.6.1 87.62 OK
r-devel-linux-x86_64-fedora-gcc 0.6.1 74.37 OK
r-devel-windows-x86_64-new-UL 0.6.1 87.00 97.00 184.00 OK
r-patched-linux-x86_64 0.6.1 7.29 64.55 71.84 OK
r-release-linux-x86_64 0.6.1 4.93 61.10 66.03 OK
r-release-macos-arm64 0.6.1 OK
r-release-macos-x86_64 0.6.1 WARN
r-release-windows-ix86+x86_64 0.6.1 12.00 108.00 120.00 ERROR
r-oldrel-macos-x86_64 0.6.1 WARN
r-oldrel-windows-ix86+x86_64 0.6.1 12.00 111.00 123.00 ERROR

Check Details

Version: 0.6.1
Check: re-building of vignette outputs
Result: WARN
    Error(s) in re-building vignettes:
     ...
    --- re-building ‘intro_to_vegalite.Rmd’ using rmarkdown
    Warning in engine$weave(file, quiet = quiet, encoding = enc) :
     Pandoc (>= 1.12.3) not available. Falling back to R Markdown v1.
    Quitting from lines 24-36 (intro_to_vegalite.Rmd)
    Error: processing vignette 'intro_to_vegalite.Rmd' failed with diagnostics:
    invalid 'path' argument
    --- failed re-building ‘intro_to_vegalite.Rmd’
    
    SUMMARY: processing the following file failed:
     ‘intro_to_vegalite.Rmd’
    
    Error: Vignette re-building failed.
    Execution halted
Flavor: r-release-macos-x86_64

Version: 0.6.1
Check: examples
Result: ERROR
    Running examples in 'vegalite-Ex.R' failed
    The error most likely occurred in:
    
    > ### Name: from_spec
    > ### Title: Take a JSON Vega-Lite Spec and render as an htmlwidget
    > ### Aliases: from_spec
    >
    > ### ** Examples
    >
    > from_spec("http://rud.is/dl/embedded.json")
    Warning in file(con, "r") :
     InternetOpenUrl failed: 'Die Serververbindung wurde zurückgesetzt.'
    Error in file(con, "r") : cannot open the connection
    Calls: from_spec -> readLines -> file
    Execution halted
Flavors: r-release-windows-ix86+x86_64, r-oldrel-windows-ix86+x86_64

Version: 0.6.1
Check: re-building of vignette outputs
Result: WARN
    Error(s) in re-building vignettes:
     ...
    --- re-building ‘intro_to_vegalite.Rmd’ using rmarkdown
    Warning in engine$weave(file, quiet = quiet, encoding = enc) :
     Pandoc (>= 1.12.3) and/or pandoc-citeproc not available. Falling back to R Markdown v1.
    Quitting from lines 24-36 (intro_to_vegalite.Rmd)
    Error: processing vignette 'intro_to_vegalite.Rmd' failed with diagnostics:
    cannot open the connection
    --- failed re-building ‘intro_to_vegalite.Rmd’
    
    SUMMARY: processing the following file failed:
     ‘intro_to_vegalite.Rmd’
    
    Error: Vignette re-building failed.
    Execution halted
Flavor: r-oldrel-macos-x86_64