CRAN Package Check Results for Package varbin

Last updated on 2022-04-08 01:49:02 CEST.

Flavor Version Tinstall Tcheck Ttotal Status Flags
r-devel-linux-x86_64-debian-clang 0.2.1 2.78 33.24 36.02 NOTE
r-devel-linux-x86_64-debian-gcc 0.2.1 1.87 25.89 27.76 NOTE
r-devel-linux-x86_64-fedora-clang 0.2.1 43.59 NOTE
r-devel-linux-x86_64-fedora-gcc 0.2.1 32.13 NOTE
r-devel-windows-x86_64-new-UL 0.2.1 11.00 48.00 59.00 NOTE
r-patched-linux-x86_64 0.2.1 2.06 31.76 33.82 NOTE
r-release-linux-x86_64 0.2.1 2.50 31.36 33.86 NOTE
r-release-macos-arm64 0.2.1 NOTE
r-release-macos-x86_64 0.2.1 NOTE
r-release-windows-ix86+x86_64 0.2.1 6.00 35.00 41.00 NOTE
r-oldrel-macos-x86_64 0.2.1 OK
r-oldrel-windows-ix86+x86_64 0.2.1 6.00 39.00 45.00 OK

Check Details

Version: 0.2.1
Check: LazyData
Result: NOTE
     'LazyData' is specified without a 'data' directory
Flavors: r-devel-linux-x86_64-debian-clang, r-devel-linux-x86_64-debian-gcc, r-devel-linux-x86_64-fedora-clang, r-devel-linux-x86_64-fedora-gcc, r-devel-windows-x86_64-new-UL, r-patched-linux-x86_64, r-release-linux-x86_64, r-release-macos-arm64, r-release-macos-x86_64, r-release-windows-ix86+x86_64