Last updated on 2022-04-08 01:49:02 CEST.
Flavor | Version | Tinstall | Tcheck | Ttotal | Status | Flags |
---|---|---|---|---|---|---|
r-devel-linux-x86_64-debian-clang | 0.6.4 | 186.76 | 495.27 | 682.03 | OK | |
r-devel-linux-x86_64-debian-gcc | 0.6.4 | 154.53 | 372.17 | 526.70 | OK | |
r-devel-linux-x86_64-fedora-clang | 0.6.4 | 910.47 | NOTE | |||
r-devel-linux-x86_64-fedora-gcc | 0.6.4 | 852.23 | OK | |||
r-devel-windows-x86_64-new-UL | 0.6.4 | 168.00 | 546.00 | 714.00 | OK | |
r-patched-linux-x86_64 | 0.6.4 | 154.86 | 459.04 | 613.90 | OK | |
r-release-linux-x86_64 | 0.6.4 | 132.12 | 430.80 | 562.92 | OK | |
r-release-macos-arm64 | 0.6.4 | NOTE | ||||
r-release-macos-x86_64 | 0.6.4 | NOTE | ||||
r-release-windows-ix86+x86_64 | 0.6.4 | 434.00 | 732.00 | 1166.00 | OK | |
r-oldrel-macos-x86_64 | 0.6.4 | NOTE | ||||
r-oldrel-windows-ix86+x86_64 | 0.6.4 | 435.00 | 725.00 | 1160.00 | OK |
Version: 0.6.4
Check: installed package size
Result: NOTE
installed size is 6.7Mb
sub-directories of 1Mb or more:
libs 5.6Mb
Flavors: r-devel-linux-x86_64-fedora-clang, r-release-macos-arm64, r-release-macos-x86_64, r-oldrel-macos-x86_64