CRAN Package Check Results for Package valhallr

Last updated on 2022-04-08 01:49:02 CEST.

Flavor Version Tinstall Tcheck Ttotal Status Flags
r-devel-linux-x86_64-debian-clang 0.1.0 3.64 43.52 47.16 NOTE
r-devel-linux-x86_64-debian-gcc 0.1.0 2.85 33.88 36.73 NOTE
r-devel-linux-x86_64-fedora-clang 0.1.0 57.70 NOTE
r-devel-linux-x86_64-fedora-gcc 0.1.0 44.04 NOTE
r-devel-windows-x86_64-new-UL 0.1.0 19.00 66.00 85.00 NOTE
r-patched-linux-x86_64 0.1.0 3.67 41.96 45.63 NOTE
r-release-linux-x86_64 0.1.0 2.36 40.28 42.64 NOTE
r-release-macos-arm64 0.1.0 NOTE
r-release-macos-x86_64 0.1.0 NOTE
r-release-windows-ix86+x86_64 0.1.0 9.00 53.00 62.00 NOTE
r-oldrel-macos-x86_64 0.1.0 NOTE
r-oldrel-windows-ix86+x86_64 0.1.0 9.00 55.00 64.00 OK

Check Details

Version: 0.1.0
Check: LazyData
Result: NOTE
     'LazyData' is specified without a 'data' directory
Flavors: r-devel-linux-x86_64-debian-clang, r-devel-linux-x86_64-debian-gcc, r-devel-linux-x86_64-fedora-clang, r-devel-linux-x86_64-fedora-gcc, r-devel-windows-x86_64-new-UL, r-patched-linux-x86_64, r-release-linux-x86_64, r-release-macos-arm64, r-release-macos-x86_64, r-release-windows-ix86+x86_64

Version: 0.1.0
Check: dependencies in R code
Result: NOTE
    Namespace in Imports field not imported from: ‘Cairo’
     All declared Imports should be used.
Flavors: r-devel-linux-x86_64-fedora-clang, r-devel-linux-x86_64-fedora-gcc, r-release-macos-arm64, r-release-macos-x86_64, r-oldrel-macos-x86_64