Last updated on 2022-04-08 01:49:01 CEST.
Flavor | Version | Tinstall | Tcheck | Ttotal | Status | Flags |
---|---|---|---|---|---|---|
r-devel-linux-x86_64-debian-clang | 0.0.4 | 2.34 | 34.63 | 36.97 | NOTE | |
r-devel-linux-x86_64-debian-gcc | 0.0.4 | 1.91 | 26.82 | 28.73 | NOTE | |
r-devel-linux-x86_64-fedora-clang | 0.0.4 | 45.06 | NOTE | |||
r-devel-linux-x86_64-fedora-gcc | 0.0.4 | 33.95 | NOTE | |||
r-devel-windows-x86_64-new-UL | 0.0.4 | 52.00 | 52.00 | 104.00 | NOTE | |
r-patched-linux-x86_64 | 0.0.4 | 2.81 | 32.84 | 35.65 | NOTE | |
r-release-linux-x86_64 | 0.0.4 | 2.07 | 32.52 | 34.59 | NOTE | |
r-release-macos-arm64 | 0.0.4 | NOTE | ||||
r-release-macos-x86_64 | 0.0.4 | NOTE | ||||
r-release-windows-ix86+x86_64 | 0.0.4 | 6.00 | 40.00 | 46.00 | NOTE | |
r-oldrel-macos-x86_64 | 0.0.4 | OK | ||||
r-oldrel-windows-ix86+x86_64 | 0.0.4 | 5.00 | 41.00 | 46.00 | OK |
Version: 0.0.4
Check: LazyData
Result: NOTE
'LazyData' is specified without a 'data' directory
Flavors: r-devel-linux-x86_64-debian-clang, r-devel-linux-x86_64-debian-gcc, r-devel-linux-x86_64-fedora-clang, r-devel-linux-x86_64-fedora-gcc, r-devel-windows-x86_64-new-UL, r-patched-linux-x86_64, r-release-linux-x86_64, r-release-macos-arm64, r-release-macos-x86_64, r-release-windows-ix86+x86_64