Last updated on 2022-04-08 01:49:01 CEST.
Flavor | Version | Tinstall | Tcheck | Ttotal | Status | Flags |
---|---|---|---|---|---|---|
r-devel-linux-x86_64-debian-clang | 4.10.50 | 44.23 | 1098.66 | 1142.89 | OK | |
r-devel-linux-x86_64-debian-gcc | 4.10.50 | 32.97 | 633.00 | 665.97 | OK | |
r-devel-linux-x86_64-fedora-clang | 4.10.50 | 1186.99 | NOTE | |||
r-devel-linux-x86_64-fedora-gcc | 4.10.50 | 1042.34 | NOTE | |||
r-devel-windows-x86_64-new-UL | 4.10.50 | 155.00 | 927.00 | 1082.00 | NOTE | |
r-patched-linux-x86_64 | 4.10.50 | 53.99 | 832.41 | 886.40 | OK | |
r-release-linux-x86_64 | 4.10.50 | 28.46 | 808.99 | 837.45 | OK | |
r-release-macos-arm64 | 4.10.50 | NOTE | ||||
r-release-macos-x86_64 | 4.10.50 | NOTE | ||||
r-release-windows-ix86+x86_64 | 4.10.50 | 75.00 | 944.00 | 1019.00 | NOTE | |
r-oldrel-macos-x86_64 | 4.10.50 | NOTE | ||||
r-oldrel-windows-ix86+x86_64 | 4.10.50 | 75.00 | 943.00 | 1018.00 | NOTE |
Version: 4.10.50
Check: installed package size
Result: NOTE
installed size is 5.1Mb
sub-directories of 1Mb or more:
help 3.6Mb
Flavors: r-devel-linux-x86_64-fedora-clang, r-devel-windows-x86_64-new-UL, r-release-macos-arm64, r-release-macos-x86_64, r-release-windows-ix86+x86_64, r-oldrel-macos-x86_64, r-oldrel-windows-ix86+x86_64
Version: 4.10.50
Check: dependencies in R code
Result: NOTE
Namespace in Imports field not imported from: ‘tibble’
All declared Imports should be used.
Flavors: r-devel-linux-x86_64-fedora-clang, r-devel-linux-x86_64-fedora-gcc, r-release-macos-arm64, r-release-macos-x86_64, r-oldrel-macos-x86_64