Last updated on 2022-04-08 01:49:01 CEST.
Flavor | Version | Tinstall | Tcheck | Ttotal | Status | Flags |
---|---|---|---|---|---|---|
r-devel-linux-x86_64-debian-clang | 2.0.0 | 20.37 | 160.83 | 181.20 | OK | |
r-devel-linux-x86_64-debian-gcc | 2.0.0 | 15.54 | 118.65 | 134.19 | OK | |
r-devel-linux-x86_64-fedora-clang | 2.0.0 | 219.09 | NOTE | |||
r-devel-linux-x86_64-fedora-gcc | 2.0.0 | 199.50 | OK | |||
r-devel-windows-x86_64-new-UL | 2.0.0 | 157.00 | 212.00 | 369.00 | NOTE | |
r-patched-linux-x86_64 | 2.0.0 | 21.92 | 151.34 | 173.26 | OK | |
r-release-linux-x86_64 | 2.0.0 | 13.68 | 158.43 | 172.11 | OK | |
r-release-macos-arm64 | 2.0.0 | NOTE | ||||
r-release-macos-x86_64 | 2.0.0 | NOTE | ||||
r-release-windows-ix86+x86_64 | 2.0.0 | 39.00 | 198.00 | 237.00 | NOTE | |
r-oldrel-macos-x86_64 | 2.0.0 | NOTE | ||||
r-oldrel-windows-ix86+x86_64 | 2.0.0 | 39.00 | 197.00 | 236.00 | NOTE |
Version: 2.0.0
Check: installed package size
Result: NOTE
installed size is 10.0Mb
sub-directories of 1Mb or more:
doc 7.1Mb
ubinc 2.0Mb
Flavors: r-devel-linux-x86_64-fedora-clang, r-devel-windows-x86_64-new-UL, r-release-macos-arm64, r-release-macos-x86_64, r-release-windows-ix86+x86_64, r-oldrel-macos-x86_64, r-oldrel-windows-ix86+x86_64