Last updated on 2022-04-08 01:49:01 CEST.
Flavor | Version | Tinstall | Tcheck | Ttotal | Status | Flags |
---|---|---|---|---|---|---|
r-devel-linux-x86_64-debian-clang | 1.3.0 | 7.38 | 115.91 | 123.29 | OK | |
r-devel-linux-x86_64-debian-gcc | 1.3.0 | 6.49 | 84.89 | 91.38 | OK | |
r-devel-linux-x86_64-fedora-clang | 1.3.0 | 145.81 | NOTE | |||
r-devel-linux-x86_64-fedora-gcc | 1.3.0 | 130.91 | OK | |||
r-devel-windows-x86_64-new-UL | 1.3.0 | 84.00 | 143.00 | 227.00 | NOTE | |
r-patched-linux-x86_64 | 1.3.0 | 8.34 | 106.03 | 114.37 | OK | |
r-release-linux-x86_64 | 1.3.0 | 6.91 | 101.49 | 108.40 | OK | |
r-release-macos-arm64 | 1.3.0 | NOTE | ||||
r-release-macos-x86_64 | 1.3.0 | NOTE | ||||
r-release-windows-ix86+x86_64 | 1.3.0 | 18.00 | 124.00 | 142.00 | NOTE | |
r-oldrel-macos-x86_64 | 1.3.0 | NOTE | ||||
r-oldrel-windows-ix86+x86_64 | 1.3.0 | 18.00 | 123.00 | 141.00 | NOTE |
Version: 1.3.0
Check: installed package size
Result: NOTE
installed size is 6.1Mb
sub-directories of 1Mb or more:
doc 1.7Mb
fonts 2.3Mb
help 1.6Mb
Flavors: r-devel-linux-x86_64-fedora-clang, r-devel-windows-x86_64-new-UL, r-release-macos-arm64, r-release-macos-x86_64, r-release-windows-ix86+x86_64, r-oldrel-macos-x86_64, r-oldrel-windows-ix86+x86_64
Version: 1.3.0
Check: Rd cross-references
Result: NOTE
Undeclared package ‘rlang’ in Rd xrefs
Flavor: r-devel-linux-x86_64-fedora-clang