Last updated on 2022-04-08 01:49:01 CEST.
Flavor | Version | Tinstall | Tcheck | Ttotal | Status | Flags |
---|---|---|---|---|---|---|
r-devel-linux-x86_64-debian-clang | 0.4.0 | 4.46 | 42.02 | 46.48 | OK | |
r-devel-linux-x86_64-debian-gcc | 0.4.0 | 4.62 | 32.75 | 37.37 | OK | |
r-devel-linux-x86_64-fedora-clang | 0.4.0 | 57.33 | OK | |||
r-devel-linux-x86_64-fedora-gcc | 0.4.0 | 45.52 | OK | |||
r-devel-windows-x86_64-new-UL | 0.4.0 | 28.00 | 62.00 | 90.00 | OK | |
r-patched-linux-x86_64 | 0.4.0 | 5.62 | 40.63 | 46.25 | OK | |
r-release-linux-x86_64 | 0.4.0 | 3.81 | 39.42 | 43.23 | OK | |
r-release-macos-arm64 | 0.4.0 | OK | ||||
r-release-macos-x86_64 | 0.4.0 | WARN | --as-cran | |||
r-release-windows-ix86+x86_64 | 0.4.0 | 13.00 | 53.00 | 66.00 | OK | |
r-oldrel-macos-x86_64 | 0.4.0 | OK | ||||
r-oldrel-windows-ix86+x86_64 | 0.4.0 | 10.00 | 51.00 | 61.00 | OK |
Version: 0.4.0
Flags: --as-cran
Check: CRAN incoming feasibility
Result: WARN
Maintainer: ‘Mitchell O'Hara-Wild <mail@mitchelloharawild.com>’
Insufficient package version (submitted: 0.4.0, existing: 0.4.0)
Days since last update: 1
Flavor: r-release-macos-x86_64
Version: 0.4.0
Flags: --as-cran
Check: top-level files
Result: NOTE
Files ‘README.md’ or ‘NEWS.md’ cannot be checked without ‘pandoc’ being installed.
Flavor: r-release-macos-x86_64