CRAN Package Check Results for Package tsBSS

Last updated on 2022-04-08 01:49:01 CEST.

Flavor Version Tinstall Tcheck Ttotal Status Flags
r-devel-linux-x86_64-debian-clang 1.0.0 46.91 181.14 228.05 NOTE
r-devel-linux-x86_64-debian-gcc 1.0.0 37.20 128.43 165.63 NOTE
r-devel-linux-x86_64-fedora-clang 1.0.0 279.07 NOTE
r-devel-linux-x86_64-fedora-gcc 1.0.0 131.17 NOTE
r-devel-windows-x86_64-new-UL 1.0.0 51.00 199.00 250.00 OK
r-patched-linux-x86_64 1.0.0 40.36 164.52 204.88 NOTE
r-release-linux-x86_64 1.0.0 28.92 155.91 184.83 NOTE
r-release-macos-arm64 1.0.0 OK
r-release-macos-x86_64 1.0.0 OK
r-release-windows-ix86+x86_64 1.0.0 98.00 265.00 363.00 OK
r-oldrel-macos-x86_64 1.0.0 OK
r-oldrel-windows-ix86+x86_64 1.0.0 98.00 262.00 360.00 OK

Check Details

Version: 1.0.0
Check: package dependencies
Result: NOTE
    Package suggested but not available for checking: 'MTS'
Flavors: r-devel-linux-x86_64-debian-clang, r-devel-linux-x86_64-debian-gcc, r-devel-linux-x86_64-fedora-clang, r-devel-linux-x86_64-fedora-gcc, r-patched-linux-x86_64, r-release-linux-x86_64

Version: 1.0.0
Check: Rd cross-references
Result: NOTE
    Unknown package 'MTS' in Rd xrefs
Flavors: r-devel-linux-x86_64-debian-clang, r-devel-linux-x86_64-debian-gcc, r-devel-linux-x86_64-fedora-clang, r-devel-linux-x86_64-fedora-gcc, r-patched-linux-x86_64, r-release-linux-x86_64