CRAN Package Check Results for Package trajectories

Last updated on 2022-04-08 01:49:01 CEST.

Flavor Version Tinstall Tcheck Ttotal Status Flags
r-devel-linux-x86_64-debian-clang 0.2-3 11.36 187.56 198.92 NOTE
r-devel-linux-x86_64-debian-gcc 0.2-3 10.11 140.95 151.06 NOTE
r-devel-linux-x86_64-fedora-clang 0.2-3 240.73 NOTE
r-devel-linux-x86_64-fedora-gcc 0.2-3 230.54 NOTE
r-devel-windows-x86_64-new-UL 0.2-3 91.00 247.00 338.00 NOTE
r-patched-linux-x86_64 0.2-3 15.93 180.37 196.30 NOTE
r-release-linux-x86_64 0.2-3 13.14 173.80 186.94 NOTE
r-release-macos-arm64 0.2-3 NOTE
r-release-macos-x86_64 0.2-3 NOTE
r-release-windows-ix86+x86_64 0.2-3 23.00 210.00 233.00 NOTE
r-oldrel-macos-x86_64 0.2-3 NOTE
r-oldrel-windows-ix86+x86_64 0.2-3 24.00 212.00 236.00 NOTE

Check Details

Version: 0.2-3
Check: package dependencies
Result: NOTE
    Package suggested but not available for checking: 'taxidata'
Flavors: r-devel-linux-x86_64-debian-clang, r-devel-linux-x86_64-debian-gcc, r-devel-linux-x86_64-fedora-clang, r-devel-linux-x86_64-fedora-gcc, r-devel-windows-x86_64-new-UL, r-patched-linux-x86_64, r-release-linux-x86_64, r-release-macos-arm64, r-release-macos-x86_64, r-release-windows-ix86+x86_64, r-oldrel-macos-x86_64, r-oldrel-windows-ix86+x86_64