Last updated on 2022-04-08 01:49:01 CEST.
Flavor | Version | Tinstall | Tcheck | Ttotal | Status | Flags |
---|---|---|---|---|---|---|
r-devel-linux-x86_64-debian-clang | 0.2.1 | 7.59 | 75.67 | 83.26 | OK | |
r-devel-linux-x86_64-debian-gcc | 0.2.1 | 5.76 | 58.38 | 64.14 | OK | |
r-devel-linux-x86_64-fedora-clang | 0.2.1 | 100.13 | NOTE | |||
r-devel-linux-x86_64-fedora-gcc | 0.2.1 | 87.58 | NOTE | |||
r-devel-windows-x86_64-new-UL | 0.2.1 | 59.00 | 114.00 | 173.00 | OK | |
r-patched-linux-x86_64 | 0.2.1 | 6.05 | 72.81 | 78.86 | OK | |
r-release-linux-x86_64 | 0.2.1 | 5.01 | 71.75 | 76.76 | OK | |
r-release-macos-arm64 | 0.2.1 | NOTE | ||||
r-release-macos-x86_64 | 0.2.1 | NOTE | ||||
r-release-windows-ix86+x86_64 | 0.2.1 | 16.00 | 90.00 | 106.00 | OK | |
r-oldrel-macos-x86_64 | 0.2.1 | NOTE | ||||
r-oldrel-windows-ix86+x86_64 | 0.2.1 | 15.00 | 92.00 | 107.00 | OK |
Version: 0.2.1
Check: data for non-ASCII characters
Result: NOTE
Note: found 1 marked UTF-8 string
Flavors: r-devel-linux-x86_64-fedora-clang, r-devel-linux-x86_64-fedora-gcc, r-release-macos-arm64, r-release-macos-x86_64, r-oldrel-macos-x86_64