Last updated on 2022-04-08 01:49:01 CEST.
Flavor | Version | Tinstall | Tcheck | Ttotal | Status | Flags |
---|---|---|---|---|---|---|
r-devel-linux-x86_64-debian-clang | 3.1-1 | 7.32 | 123.81 | 131.13 | NOTE | |
r-devel-linux-x86_64-debian-gcc | 3.1-1 | 6.48 | 91.38 | 97.86 | NOTE | |
r-devel-linux-x86_64-fedora-clang | 3.1-1 | 155.37 | NOTE | |||
r-devel-linux-x86_64-fedora-gcc | 3.1-1 | 137.30 | NOTE | |||
r-devel-windows-x86_64-new-UL | 3.1-1 | 26.00 | 137.00 | 163.00 | NOTE | |
r-patched-linux-x86_64 | 3.1-1 | 7.94 | 119.21 | 127.15 | NOTE | |
r-release-linux-x86_64 | 3.1-1 | 5.79 | 111.61 | 117.40 | NOTE | |
r-release-macos-arm64 | 3.1-1 | NOTE | ||||
r-release-macos-x86_64 | 3.1-1 | NOTE | ||||
r-release-windows-ix86+x86_64 | 3.1-1 | 19.00 | 133.00 | 152.00 | NOTE | |
r-oldrel-macos-x86_64 | 3.1-1 | OK | ||||
r-oldrel-windows-ix86+x86_64 | 3.1-1 | 20.00 | 137.00 | 157.00 | OK |
Version: 3.1-1
Check: LazyData
Result: NOTE
'LazyData' is specified without a 'data' directory
Flavors: r-devel-linux-x86_64-debian-clang, r-devel-linux-x86_64-debian-gcc, r-devel-linux-x86_64-fedora-clang, r-devel-linux-x86_64-fedora-gcc, r-devel-windows-x86_64-new-UL, r-patched-linux-x86_64, r-release-linux-x86_64, r-release-macos-arm64, r-release-macos-x86_64, r-release-windows-ix86+x86_64
Version: 3.1-1
Check: Rd cross-references
Result: NOTE
Undeclared package ‘sp’ in Rd xrefs
Flavor: r-devel-linux-x86_64-fedora-clang