Last updated on 2022-04-08 01:49:01 CEST.
Flavor | Version | Tinstall | Tcheck | Ttotal | Status | Flags |
---|---|---|---|---|---|---|
r-devel-linux-x86_64-debian-clang | 0.1.5 | 6.90 | 96.66 | 103.56 | NOTE | |
r-devel-linux-x86_64-debian-gcc | 0.1.5 | 4.23 | 73.63 | 77.86 | NOTE | |
r-devel-linux-x86_64-fedora-clang | 0.1.5 | 124.92 | NOTE | |||
r-devel-linux-x86_64-fedora-gcc | 0.1.5 | 109.93 | NOTE | |||
r-devel-windows-x86_64-new-UL | 0.1.5 | 24.00 | 124.00 | 148.00 | NOTE | |
r-patched-linux-x86_64 | 0.1.5 | 7.03 | 93.02 | 100.05 | NOTE | |
r-release-linux-x86_64 | 0.1.5 | 5.18 | 90.71 | 95.89 | NOTE | |
r-release-macos-arm64 | 0.1.5 | NOTE | ||||
r-release-macos-x86_64 | 0.1.5 | NOTE | ||||
r-release-windows-ix86+x86_64 | 0.1.5 | 14.00 | 105.00 | 119.00 | NOTE | |
r-oldrel-macos-x86_64 | 0.1.5 | OK | ||||
r-oldrel-windows-ix86+x86_64 | 0.1.5 | 14.00 | 107.00 | 121.00 | OK |
Version: 0.1.5
Check: LazyData
Result: NOTE
'LazyData' is specified without a 'data' directory
Flavors: r-devel-linux-x86_64-debian-clang, r-devel-linux-x86_64-debian-gcc, r-devel-linux-x86_64-fedora-clang, r-devel-linux-x86_64-fedora-gcc, r-devel-windows-x86_64-new-UL, r-patched-linux-x86_64, r-release-linux-x86_64, r-release-macos-arm64, r-release-macos-x86_64, r-release-windows-ix86+x86_64