Last updated on 2022-04-08 01:49:01 CEST.
Flavor | Version | Tinstall | Tcheck | Ttotal | Status | Flags |
---|---|---|---|---|---|---|
r-devel-linux-x86_64-debian-clang | 1.6.0 | 6.53 | 120.32 | 126.85 | OK | |
r-devel-linux-x86_64-debian-gcc | 1.6.0 | 4.12 | 85.57 | 89.69 | OK | |
r-devel-linux-x86_64-fedora-clang | 1.6.0 | 141.79 | NOTE | |||
r-devel-linux-x86_64-fedora-gcc | 1.6.0 | 122.27 | OK | |||
r-devel-windows-x86_64-new-UL | 1.6.0 | 45.00 | 164.00 | 209.00 | OK | |
r-patched-linux-x86_64 | 1.6.0 | 9.93 | 106.03 | 115.96 | OK | |
r-release-linux-x86_64 | 1.6.0 | 5.01 | 111.88 | 116.89 | OK | |
r-release-macos-arm64 | 1.6.0 | OK | ||||
r-release-macos-x86_64 | 1.6.0 | OK | ||||
r-release-windows-ix86+x86_64 | 1.6.0 | 11.00 | 140.00 | 151.00 | OK | |
r-oldrel-macos-x86_64 | 1.6.0 | OK | ||||
r-oldrel-windows-ix86+x86_64 | 1.6.0 | 11.00 | 139.00 | 150.00 | OK |
Version: 1.6.0
Check: Rd cross-references
Result: NOTE
Undeclared packages ‘fastDummies’, ‘widyr’, ‘sjmisc’ in Rd xrefs
Flavor: r-devel-linux-x86_64-fedora-clang