CRAN Package Check Results for Package tfio

Last updated on 2022-04-08 01:49:00 CEST.

Flavor Version Tinstall Tcheck Ttotal Status Flags
r-devel-linux-x86_64-debian-clang 0.4.1 11.49 95.20 106.69 NOTE
r-devel-linux-x86_64-debian-gcc 0.4.1 7.51 72.11 79.62 NOTE
r-devel-linux-x86_64-fedora-clang 0.4.1 127.39 NOTE
r-devel-linux-x86_64-fedora-gcc 0.4.1 113.63 NOTE
r-devel-windows-x86_64-new-UL 0.4.1 25.00 117.00 142.00 NOTE
r-patched-linux-x86_64 0.4.1 9.10 90.18 99.28 NOTE
r-release-linux-x86_64 0.4.1 9.11 86.20 95.31 NOTE
r-release-macos-arm64 0.4.1 NOTE
r-release-macos-x86_64 0.4.1 NOTE
r-release-windows-ix86+x86_64 0.4.1 21.00 103.00 124.00 NOTE
r-oldrel-macos-x86_64 0.4.1 OK
r-oldrel-windows-ix86+x86_64 0.4.1 23.00 102.00 125.00 OK

Check Details

Version: 0.4.1
Check: LazyData
Result: NOTE
     'LazyData' is specified without a 'data' directory
Flavors: r-devel-linux-x86_64-debian-clang, r-devel-linux-x86_64-debian-gcc, r-devel-linux-x86_64-fedora-clang, r-devel-linux-x86_64-fedora-gcc, r-devel-windows-x86_64-new-UL, r-patched-linux-x86_64, r-release-linux-x86_64, r-release-macos-arm64, r-release-macos-x86_64, r-release-windows-ix86+x86_64