Last updated on 2022-04-08 01:49:00 CEST.
Flavor | Version | Tinstall | Tcheck | Ttotal | Status | Flags |
---|---|---|---|---|---|---|
r-devel-linux-x86_64-debian-clang | 0.3.6 | 22.09 | 33.06 | 55.15 | OK | |
r-devel-linux-x86_64-debian-gcc | 0.3.6 | 16.53 | 25.93 | 42.46 | OK | |
r-devel-linux-x86_64-fedora-clang | 0.3.6 | 74.90 | OK | |||
r-devel-linux-x86_64-fedora-gcc | 0.3.6 | 55.58 | OK | |||
r-devel-windows-x86_64-new-UL | 0.3.6 | 46.00 | 72.00 | 118.00 | OK | |
r-patched-linux-x86_64 | 0.3.6 | 19.61 | 32.37 | 51.98 | OK | |
r-release-linux-x86_64 | 0.3.6 | 18.85 | 31.78 | 50.63 | OK | |
r-release-macos-arm64 | 0.3.6 | NOTE | ||||
r-release-macos-x86_64 | 0.3.6 | OK | ||||
r-release-windows-ix86+x86_64 | 0.3.6 | 53.00 | 60.00 | 113.00 | OK | |
r-oldrel-macos-x86_64 | 0.3.6 | OK | ||||
r-oldrel-windows-ix86+x86_64 | 0.3.6 | 63.00 | 61.00 | 124.00 | OK |
Version: 0.3.6
Check: installed package size
Result: NOTE
installed size is 18.2Mb
sub-directories of 1Mb or more:
libs 18.1Mb
Flavor: r-release-macos-arm64