Last updated on 2022-04-08 01:49:00 CEST.
Flavor | Version | Tinstall | Tcheck | Ttotal | Status | Flags |
---|---|---|---|---|---|---|
r-devel-linux-x86_64-debian-clang | 3.0.5 | 102.58 | 398.29 | 500.87 | OK | |
r-devel-linux-x86_64-debian-gcc | 3.0.5 | 86.60 | 292.12 | 378.72 | OK | |
r-devel-linux-x86_64-fedora-clang | 3.0.5 | 658.47 | NOTE | |||
r-devel-linux-x86_64-fedora-gcc | 3.0.5 | 628.92 | OK | |||
r-devel-windows-x86_64-new-UL | 3.0.5 | 112.00 | 532.00 | 644.00 | OK | |
r-patched-linux-x86_64 | 3.0.5 | 89.24 | 405.38 | 494.62 | OK | |
r-release-linux-x86_64 | 3.0.5 | 87.96 | 382.13 | 470.09 | OK | |
r-release-macos-arm64 | 3.0.5 | NOTE | ||||
r-release-macos-x86_64 | 3.0.5 | NOTE | ||||
r-release-windows-ix86+x86_64 | 3.0.5 | 252.00 | 658.00 | 910.00 | OK | |
r-oldrel-macos-x86_64 | 3.0.5 | NOTE | ||||
r-oldrel-windows-ix86+x86_64 | 3.0.5 | 251.00 | 660.00 | 911.00 | OK |
Version: 3.0.5
Check: Rd cross-references
Result: NOTE
Undeclared package ‘tm’ in Rd xrefs
Flavor: r-devel-linux-x86_64-fedora-clang
Version: 3.0.5
Check: installed package size
Result: NOTE
installed size is 6.1Mb
sub-directories of 1Mb or more:
libs 4.2Mb
Flavors: r-release-macos-arm64, r-release-macos-x86_64, r-oldrel-macos-x86_64