Last updated on 2022-04-08 01:49:00 CEST.
Flavor | Version | Tinstall | Tcheck | Ttotal | Status | Flags |
---|---|---|---|---|---|---|
r-devel-linux-x86_64-debian-clang | 1.0.1 | 4.36 | 234.00 | 238.36 | NOTE | |
r-devel-linux-x86_64-debian-gcc | 1.0.1 | 3.22 | 160.33 | 163.55 | NOTE | |
r-devel-linux-x86_64-fedora-clang | 1.0.1 | 270.45 | NOTE | |||
r-devel-linux-x86_64-fedora-gcc | 1.0.1 | 256.50 | NOTE | |||
r-devel-windows-x86_64-new-UL | 1.0.1 | 29.00 | 244.00 | 273.00 | NOTE | |
r-patched-linux-x86_64 | 1.0.1 | 5.42 | 212.90 | 218.32 | NOTE | |
r-release-linux-x86_64 | 1.0.1 | 4.00 | 215.74 | 219.74 | NOTE | |
r-release-macos-arm64 | 1.0.1 | NOTE | ||||
r-release-macos-x86_64 | 1.0.1 | NOTE | ||||
r-release-windows-ix86+x86_64 | 1.0.1 | 8.00 | 257.00 | 265.00 | NOTE | |
r-oldrel-macos-x86_64 | 1.0.1 | OK | ||||
r-oldrel-windows-ix86+x86_64 | 1.0.1 | 7.00 | 261.00 | 268.00 | OK |
Version: 1.0.1
Check: LazyData
Result: NOTE
'LazyData' is specified without a 'data' directory
Flavors: r-devel-linux-x86_64-debian-clang, r-devel-linux-x86_64-debian-gcc, r-devel-linux-x86_64-fedora-clang, r-devel-linux-x86_64-fedora-gcc, r-devel-windows-x86_64-new-UL, r-patched-linux-x86_64, r-release-linux-x86_64, r-release-macos-arm64, r-release-macos-x86_64, r-release-windows-ix86+x86_64