Last updated on 2022-04-08 01:49:00 CEST.
Flavor | Version | Tinstall | Tcheck | Ttotal | Status | Flags |
---|---|---|---|---|---|---|
r-devel-linux-x86_64-debian-clang | 0.1.1 | 43.01 | 128.68 | 171.69 | OK | |
r-devel-linux-x86_64-debian-gcc | 0.1.1 | 34.64 | 96.15 | 130.79 | OK | |
r-devel-linux-x86_64-fedora-clang | 0.1.1 | 222.52 | NOTE | |||
r-devel-linux-x86_64-fedora-gcc | 0.1.1 | 198.81 | OK | |||
r-devel-windows-x86_64-new-UL | 0.1.1 | 65.00 | 172.00 | 237.00 | NOTE | |
r-patched-linux-x86_64 | 0.1.1 | 42.95 | 123.11 | 166.06 | OK | |
r-release-linux-x86_64 | 0.1.1 | 30.22 | 130.51 | 160.73 | OK | |
r-release-macos-arm64 | 0.1.1 | NOTE | ||||
r-release-macos-x86_64 | 0.1.1 | NOTE | ||||
r-release-windows-ix86+x86_64 | 0.1.1 | 112.00 | 210.00 | 322.00 | NOTE | |
r-oldrel-macos-x86_64 | 0.1.1 | NOTE | ||||
r-oldrel-windows-ix86+x86_64 | 0.1.1 | 108.00 | 223.00 | 331.00 | NOTE |
Version: 0.1.1
Check: installed package size
Result: NOTE
installed size is 6.6Mb
sub-directories of 1Mb or more:
doc 3.7Mb
libs 1.4Mb
telemac 1.0Mb
Flavors: r-devel-linux-x86_64-fedora-clang, r-devel-windows-x86_64-new-UL, r-release-macos-arm64, r-release-macos-x86_64, r-release-windows-ix86+x86_64, r-oldrel-macos-x86_64, r-oldrel-windows-ix86+x86_64
Version: 0.1.1
Check: Rd cross-references
Result: NOTE
Undeclared package ‘tibble’ in Rd xrefs
Flavor: r-devel-linux-x86_64-fedora-clang