Last updated on 2022-04-08 01:49:00 CEST.
Flavor | Version | Tinstall | Tcheck | Ttotal | Status | Flags |
---|---|---|---|---|---|---|
r-devel-linux-x86_64-debian-clang | 1.0.3 | 267.87 | 373.06 | 640.93 | OK | |
r-devel-linux-x86_64-debian-gcc | 1.0.3 | 211.29 | 264.83 | 476.12 | OK | |
r-devel-linux-x86_64-fedora-clang | 1.0.3 | 841.59 | NOTE | |||
r-devel-linux-x86_64-fedora-gcc | 1.0.3 | 785.17 | OK | |||
r-devel-windows-x86_64-new-UL | 1.0.3 | 216.00 | 371.00 | 587.00 | OK | |
r-patched-linux-x86_64 | 1.0.3 | 223.07 | 352.70 | 575.77 | OK | |
r-release-linux-x86_64 | 1.0.3 | 187.42 | 323.69 | 511.11 | OK | |
r-release-macos-arm64 | 1.0.3 | NOTE | ||||
r-release-macos-x86_64 | 1.0.3 | NOTE | ||||
r-release-windows-ix86+x86_64 | 1.0.3 | 642.00 | 524.00 | 1166.00 | NOTE | |
r-oldrel-macos-x86_64 | 1.0.3 | NOTE | ||||
r-oldrel-windows-ix86+x86_64 | 1.0.3 | 652.00 | 540.00 | 1192.00 | NOTE |
Version: 1.0.3
Check: installed package size
Result: NOTE
installed size is 15.6Mb
sub-directories of 1Mb or more:
data 2.4Mb
libs 12.8Mb
Flavors: r-devel-linux-x86_64-fedora-clang, r-release-macos-arm64, r-release-macos-x86_64, r-release-windows-ix86+x86_64, r-oldrel-macos-x86_64, r-oldrel-windows-ix86+x86_64