Last updated on 2022-04-08 01:49:00 CEST.
Flavor | Version | Tinstall | Tcheck | Ttotal | Status | Flags |
---|---|---|---|---|---|---|
r-devel-linux-x86_64-debian-clang | 0.1.5 | 6.56 | 192.09 | 198.65 | OK | |
r-devel-linux-x86_64-debian-gcc | 0.1.5 | 5.37 | 133.67 | 139.04 | OK | |
r-devel-linux-x86_64-fedora-clang | 0.1.5 | 224.07 | OK | |||
r-devel-linux-x86_64-fedora-gcc | 0.1.5 | 208.43 | OK | |||
r-devel-windows-x86_64-new-UL | 0.1.5 | 23.00 | 196.00 | 219.00 | OK | |
r-patched-linux-x86_64 | 0.1.5 | 7.53 | 176.79 | 184.32 | OK | |
r-release-linux-x86_64 | 0.1.5 | 4.75 | 165.56 | 170.31 | OK | |
r-release-macos-arm64 | 0.1.5 | OK | ||||
r-release-macos-x86_64 | 0.1.5 | OK | ||||
r-release-windows-ix86+x86_64 | 0.1.5 | 3.00 | 8.00 | 11.00 | ERROR | |
r-oldrel-macos-x86_64 | 0.1.5 | OK | ||||
r-oldrel-windows-ix86+x86_64 | 0.1.5 | 16.00 | 218.00 | 234.00 | OK |
Version: 0.1.5
Check: whether package can be installed
Result: ERROR
Installation failed.
Flavor: r-release-windows-ix86+x86_64