Last updated on 2022-04-08 01:49:00 CEST.
Flavor | Version | Tinstall | Tcheck | Ttotal | Status | Flags |
---|---|---|---|---|---|---|
r-devel-linux-x86_64-debian-clang | 0.2.0 | 186.07 | 150.36 | 336.43 | OK | |
r-devel-linux-x86_64-debian-gcc | 0.2.0 | 151.73 | 117.38 | 269.11 | OK | |
r-devel-linux-x86_64-fedora-clang | 0.2.0 | 465.96 | NOTE | |||
r-devel-linux-x86_64-fedora-gcc | 0.2.0 | 412.39 | OK | |||
r-devel-windows-x86_64-new-UL | 0.2.0 | 163.00 | 180.00 | 343.00 | OK | |
r-patched-linux-x86_64 | 0.2.0 | 160.77 | 139.52 | 300.29 | OK | |
r-release-linux-x86_64 | 0.2.0 | 171.19 | 134.54 | 305.73 | OK | |
r-release-macos-arm64 | 0.2.0 | NOTE | ||||
r-release-macos-x86_64 | 0.2.0 | NOTE | ||||
r-release-windows-ix86+x86_64 | 0.2.0 | 430.00 | 205.00 | 635.00 | OK | |
r-oldrel-macos-x86_64 | 0.2.0 | NOTE | ||||
r-oldrel-windows-ix86+x86_64 | 0.2.0 | 429.00 | 210.00 | 639.00 | OK |
Version: 0.2.0
Check: installed package size
Result: NOTE
installed size is 8.5Mb
sub-directories of 1Mb or more:
libs 7.5Mb
Flavors: r-devel-linux-x86_64-fedora-clang, r-release-macos-arm64, r-release-macos-x86_64, r-oldrel-macos-x86_64