Last updated on 2022-04-08 01:49:00 CEST.
Flavor | Version | Tinstall | Tcheck | Ttotal | Status | Flags |
---|---|---|---|---|---|---|
r-devel-linux-x86_64-debian-clang | 2.1.0 | 5.92 | 71.50 | 77.42 | NOTE | |
r-devel-linux-x86_64-debian-gcc | 2.1.0 | 4.52 | 53.75 | 58.27 | NOTE | |
r-devel-linux-x86_64-fedora-clang | 2.1.0 | 93.06 | NOTE | |||
r-devel-linux-x86_64-fedora-gcc | 2.1.0 | 77.54 | NOTE | |||
r-devel-windows-x86_64-new-UL | 2.1.0 | 36.00 | 111.00 | 147.00 | NOTE | |
r-patched-linux-x86_64 | 2.1.0 | 5.66 | 67.76 | 73.42 | NOTE | |
r-release-linux-x86_64 | 2.1.0 | 6.30 | 70.35 | 76.65 | NOTE | |
r-release-macos-arm64 | 2.1.0 | NOTE | ||||
r-release-macos-x86_64 | 2.1.0 | NOTE | ||||
r-release-windows-ix86+x86_64 | 2.1.0 | 14.00 | 94.00 | 108.00 | NOTE | |
r-oldrel-macos-x86_64 | 2.1.0 | NOTE | ||||
r-oldrel-windows-ix86+x86_64 | 2.1.0 | 12.00 | 94.00 | 106.00 | NOTE |
Version: 2.1.0
Check: LazyData
Result: NOTE
'LazyData' is specified without a 'data' directory
Flavors: r-devel-linux-x86_64-debian-clang, r-devel-linux-x86_64-debian-gcc, r-devel-linux-x86_64-fedora-clang, r-devel-linux-x86_64-fedora-gcc, r-devel-windows-x86_64-new-UL, r-patched-linux-x86_64, r-release-linux-x86_64, r-release-macos-arm64, r-release-macos-x86_64, r-release-windows-ix86+x86_64
Version: 2.1.0
Check: installed package size
Result: NOTE
installed size is 6.2Mb
sub-directories of 1Mb or more:
doc 5.9Mb
Flavors: r-devel-linux-x86_64-fedora-clang, r-devel-windows-x86_64-new-UL, r-release-macos-arm64, r-release-macos-x86_64, r-release-windows-ix86+x86_64, r-oldrel-macos-x86_64, r-oldrel-windows-ix86+x86_64
Version: 2.1.0
Check: dependencies in R code
Result: NOTE
Namespace in Imports field not imported from: ‘shiny’
All declared Imports should be used.
Flavors: r-devel-linux-x86_64-fedora-clang, r-devel-linux-x86_64-fedora-gcc, r-release-macos-arm64, r-release-macos-x86_64, r-oldrel-macos-x86_64