Last updated on 2022-04-08 01:49:00 CEST.
Flavor | Version | Tinstall | Tcheck | Ttotal | Status | Flags |
---|---|---|---|---|---|---|
r-devel-linux-x86_64-debian-clang | 1.0.4 | 44.06 | 39.36 | 83.42 | OK | |
r-devel-linux-x86_64-debian-gcc | 1.0.4 | 39.40 | 30.50 | 69.90 | OK | |
r-devel-linux-x86_64-fedora-clang | 1.0.4 | 124.06 | OK | |||
r-devel-linux-x86_64-fedora-gcc | 1.0.4 | 103.47 | OK | |||
r-devel-windows-x86_64-new-UL | 1.0.4 | 282.00 | 86.00 | 368.00 | OK | |
r-patched-linux-x86_64 | 1.0.4 | 41.98 | 38.70 | 80.68 | OK | |
r-release-linux-x86_64 | 1.0.4 | 41.73 | 37.09 | 78.82 | OK | |
r-release-macos-arm64 | 1.0.4 | NOTE | ||||
r-release-macos-x86_64 | 1.0.4 | NOTE | ||||
r-release-windows-ix86+x86_64 | 1.0.4 | 133.00 | 73.00 | 206.00 | OK | |
r-oldrel-macos-x86_64 | 1.0.4 | NOTE | ||||
r-oldrel-windows-ix86+x86_64 | 1.0.4 | 134.00 | 77.00 | 211.00 | OK |
Version: 1.0.4
Check: installed package size
Result: NOTE
installed size is 20.5Mb
sub-directories of 1Mb or more:
libs 20.3Mb
Flavors: r-release-macos-arm64, r-release-macos-x86_64, r-oldrel-macos-x86_64