Last updated on 2022-04-08 01:49:00 CEST.
Flavor | Version | Tinstall | Tcheck | Ttotal | Status | Flags |
---|---|---|---|---|---|---|
r-devel-linux-x86_64-debian-clang | 1.5-2 | 7.90 | 115.87 | 123.77 | NOTE | |
r-devel-linux-x86_64-debian-gcc | 1.5-2 | 8.28 | 84.32 | 92.60 | NOTE | |
r-devel-linux-x86_64-fedora-clang | 1.5-2 | 152.88 | NOTE | |||
r-devel-linux-x86_64-fedora-gcc | 1.5-2 | 131.97 | NOTE | |||
r-devel-windows-x86_64-new-UL | 1.5-2 | 68.00 | 151.00 | 219.00 | NOTE | |
r-patched-linux-x86_64 | 1.5-2 | 9.20 | 111.02 | 120.22 | NOTE | |
r-release-linux-x86_64 | 1.5-2 | 9.88 | 108.94 | 118.82 | NOTE | |
r-release-macos-arm64 | 1.5-2 | NOTE | ||||
r-release-macos-x86_64 | 1.5-2 | NOTE | ||||
r-release-windows-ix86+x86_64 | 1.5-2 | 19.00 | 176.00 | 195.00 | NOTE | |
r-oldrel-macos-x86_64 | 1.5-2 | NOTE | ||||
r-oldrel-windows-ix86+x86_64 | 1.5-2 | 19.00 | 178.00 | 197.00 | NOTE |
Version: 1.5-2
Check: R code for possible problems
Result: NOTE
efpFunctional: multiple local function definitions for 'plotProcess'
with different formal arguments
mefp.efp: multiple local function definitions for 'computeEmpProc' with
different formal arguments
Flavors: r-devel-linux-x86_64-debian-clang, r-devel-linux-x86_64-debian-gcc, r-devel-linux-x86_64-fedora-clang, r-devel-linux-x86_64-fedora-gcc, r-devel-windows-x86_64-new-UL, r-patched-linux-x86_64, r-release-linux-x86_64, r-release-macos-arm64, r-release-macos-x86_64, r-release-windows-ix86+x86_64, r-oldrel-macos-x86_64, r-oldrel-windows-ix86+x86_64