CRAN Package Check Results for Package stringfish

Last updated on 2022-04-08 01:49:00 CEST.

Flavor Version Tinstall Tcheck Ttotal Status Flags
r-devel-linux-x86_64-debian-clang 0.15.5 31.29 164.28 195.57 NOTE
r-devel-linux-x86_64-debian-gcc 0.15.5 28.54 114.02 142.56 NOTE
r-devel-linux-x86_64-fedora-clang 0.15.5 262.29 NOTE
r-devel-linux-x86_64-fedora-gcc 0.15.5 245.25 NOTE
r-devel-windows-x86_64-new-UL 0.15.5 100.00 210.00 310.00 NOTE
r-patched-linux-x86_64 0.15.5 28.81 157.74 186.55 NOTE
r-release-linux-x86_64 0.15.5 30.30 152.74 183.04 NOTE
r-release-macos-arm64 0.15.5 NOTE
r-release-macos-x86_64 0.15.5 NOTE
r-release-windows-ix86+x86_64 0.15.5 158.00 367.00 525.00 NOTE
r-oldrel-macos-x86_64 0.15.5 NOTE
r-oldrel-windows-ix86+x86_64 0.15.5 159.00 380.00 539.00 NOTE

Check Details

Version: 0.15.5
Check: for GNU extensions in Makefiles
Result: NOTE
    GNU make is a SystemRequirements.
Flavors: r-devel-linux-x86_64-debian-clang, r-devel-linux-x86_64-debian-gcc, r-devel-linux-x86_64-fedora-clang, r-devel-linux-x86_64-fedora-gcc, r-devel-windows-x86_64-new-UL, r-patched-linux-x86_64, r-release-linux-x86_64, r-release-macos-arm64, r-release-macos-x86_64, r-release-windows-ix86+x86_64, r-oldrel-macos-x86_64, r-oldrel-windows-ix86+x86_64

Version: 0.15.5
Check: installed package size
Result: NOTE
     installed size is 6.5Mb
     sub-directories of 1Mb or more:
     libs 6.0Mb
Flavors: r-release-macos-x86_64, r-oldrel-macos-x86_64