Last updated on 2022-04-08 01:49:00 CEST.
Flavor | Version | Tinstall | Tcheck | Ttotal | Status | Flags |
---|---|---|---|---|---|---|
r-devel-linux-x86_64-debian-clang | 0.1.1 | 4.77 | 63.35 | 68.12 | OK | |
r-devel-linux-x86_64-debian-gcc | 0.1.1 | 3.89 | 47.54 | 51.43 | OK | |
r-devel-linux-x86_64-fedora-clang | 0.1.1 | 83.65 | NOTE | |||
r-devel-linux-x86_64-fedora-gcc | 0.1.1 | 67.82 | NOTE | |||
r-devel-windows-x86_64-new-UL | 0.1.1 | 20.00 | 79.00 | 99.00 | OK | |
r-patched-linux-x86_64 | 0.1.1 | 4.04 | 59.17 | 63.21 | OK | |
r-release-linux-x86_64 | 0.1.1 | 5.69 | 55.11 | 60.80 | OK | |
r-release-macos-arm64 | 0.1.1 | NOTE | ||||
r-release-macos-x86_64 | 0.1.1 | NOTE | ||||
r-release-windows-ix86+x86_64 | 0.1.1 | 14.00 | 73.00 | 87.00 | OK | |
r-oldrel-macos-x86_64 | 0.1.1 | NOTE | ||||
r-oldrel-windows-ix86+x86_64 | 0.1.1 | 14.00 | 69.00 | 83.00 | OK |
Version: 0.1.1
Check: dependencies in R code
Result: NOTE
Namespace in Imports field not imported from: ‘ks’
All declared Imports should be used.
Flavors: r-devel-linux-x86_64-fedora-clang, r-devel-linux-x86_64-fedora-gcc, r-release-macos-arm64, r-release-macos-x86_64, r-oldrel-macos-x86_64
Version: 0.1.1
Check: Rd cross-references
Result: NOTE
Undeclared package ‘HDoutliers’ in Rd xrefs
Flavor: r-devel-linux-x86_64-fedora-clang