Last updated on 2022-04-08 01:49:00 CEST.
Flavor | Version | Tinstall | Tcheck | Ttotal | Status | Flags |
---|---|---|---|---|---|---|
r-devel-linux-x86_64-debian-clang | 1.3.6 | 42.87 | 312.68 | 355.55 | OK | |
r-devel-linux-x86_64-debian-gcc | 1.3.6 | 40.49 | 223.25 | 263.74 | OK | |
r-devel-linux-x86_64-fedora-clang | 1.3.6 | 433.67 | OK | |||
r-devel-linux-x86_64-fedora-gcc | 1.3.6 | 408.09 | OK | |||
r-devel-windows-x86_64-new-UL | 1.3.6 | 67.00 | 379.00 | 446.00 | OK | |
r-patched-linux-x86_64 | 1.3.6 | 43.20 | 292.74 | 335.94 | OK | |
r-release-linux-x86_64 | 1.3.6 | 40.64 | 282.41 | 323.05 | OK | |
r-release-macos-arm64 | 1.3.6 | NOTE | ||||
r-release-macos-x86_64 | 1.3.6 | NOTE | ||||
r-release-windows-ix86+x86_64 | 1.3.6 | 105.00 | 517.00 | 622.00 | OK | |
r-oldrel-macos-x86_64 | 1.3.6 | NOTE | ||||
r-oldrel-windows-ix86+x86_64 | 1.3.6 | 106.00 | 532.00 | 638.00 | OK |
Version: 1.3.6
Check: installed package size
Result: NOTE
installed size is 5.7Mb
sub-directories of 1Mb or more:
data 1.7Mb
libs 2.8Mb
Flavors: r-release-macos-arm64, r-release-macos-x86_64, r-oldrel-macos-x86_64