Last updated on 2022-04-08 01:49:00 CEST.
Flavor | Version | Tinstall | Tcheck | Ttotal | Status | Flags |
---|---|---|---|---|---|---|
r-devel-linux-x86_64-debian-clang | 4.5.0 | 4.78 | 46.47 | 51.25 | NOTE | |
r-devel-linux-x86_64-debian-gcc | 4.5.0 | 4.35 | 35.82 | 40.17 | NOTE | |
r-devel-linux-x86_64-fedora-clang | 4.5.0 | 61.37 | NOTE | |||
r-devel-linux-x86_64-fedora-gcc | 4.5.0 | 51.54 | NOTE | |||
r-devel-windows-x86_64-new-UL | 4.5.0 | 105.00 | 70.00 | 175.00 | NOTE | |
r-patched-linux-x86_64 | 4.5.0 | 5.33 | 44.73 | 50.06 | NOTE | |
r-release-linux-x86_64 | 4.5.0 | 3.16 | 44.70 | 47.86 | NOTE | |
r-release-macos-arm64 | 4.5.0 | NOTE | ||||
r-release-macos-x86_64 | 4.5.0 | NOTE | ||||
r-release-windows-ix86+x86_64 | 4.5.0 | 13.00 | 73.00 | 86.00 | NOTE | |
r-oldrel-macos-x86_64 | 4.5.0 | NOTE | ||||
r-oldrel-windows-ix86+x86_64 | 4.5.0 | 11.00 | 74.00 | 85.00 | NOTE |
Version: 4.5.0
Check: R code for possible problems
Result: NOTE
Found the following possibly unsafe calls:
File 'statnet.common/R/control.utilities.R':
unlockBinding("snctrl", environment(snctrl))
unlockBinding("snctrl", environment(update_my_snctrl))
Flavors: r-devel-linux-x86_64-debian-clang, r-devel-linux-x86_64-debian-gcc, r-devel-linux-x86_64-fedora-clang, r-devel-linux-x86_64-fedora-gcc, r-devel-windows-x86_64-new-UL, r-patched-linux-x86_64, r-release-linux-x86_64, r-release-macos-arm64, r-release-macos-x86_64, r-release-windows-ix86+x86_64, r-oldrel-macos-x86_64, r-oldrel-windows-ix86+x86_64