Last updated on 2022-04-08 01:49:00 CEST.
Flavor | Version | Tinstall | Tcheck | Ttotal | Status | Flags |
---|---|---|---|---|---|---|
r-devel-linux-x86_64-debian-clang | 0.1.2 | 2.34 | 44.93 | 47.27 | OK | |
r-devel-linux-x86_64-debian-gcc | 0.1.2 | 1.86 | 33.91 | 35.77 | OK | |
r-devel-linux-x86_64-fedora-clang | 0.1.2 | 56.12 | NOTE | |||
r-devel-linux-x86_64-fedora-gcc | 0.1.2 | 53.73 | NOTE | |||
r-devel-windows-x86_64-new-UL | 0.1.2 | 23.00 | 69.00 | 92.00 | OK | |
r-patched-linux-x86_64 | 0.1.2 | 2.25 | 42.43 | 44.68 | OK | |
r-release-linux-x86_64 | 0.1.2 | 2.32 | 41.13 | 43.45 | OK | |
r-release-macos-arm64 | 0.1.2 | NOTE | ||||
r-release-macos-x86_64 | 0.1.2 | NOTE | ||||
r-release-windows-ix86+x86_64 | 0.1.2 | 6.00 | 52.00 | 58.00 | OK | |
r-oldrel-macos-x86_64 | 0.1.2 | NOTE | ||||
r-oldrel-windows-ix86+x86_64 | 0.1.2 | 5.00 | 52.00 | 57.00 | OK |
Version: 0.1.2
Check: data for non-ASCII characters
Result: NOTE
Note: found 14 marked UTF-8 strings
Flavors: r-devel-linux-x86_64-fedora-clang, r-devel-linux-x86_64-fedora-gcc, r-release-macos-arm64, r-release-macos-x86_64, r-oldrel-macos-x86_64