CRAN Package Check Results for Package starma

Last updated on 2022-04-08 01:49:00 CEST.

Flavor Version Tinstall Tcheck Ttotal Status Flags
r-devel-linux-x86_64-debian-clang 1.3 52.74 91.71 144.45 OK
r-devel-linux-x86_64-debian-gcc 1.3 44.39 68.20 112.59 OK
r-devel-linux-x86_64-fedora-clang 1.3 191.17 NOTE
r-devel-linux-x86_64-fedora-gcc 1.3 168.76 NOTE
r-devel-windows-x86_64-new-UL 1.3 46.00 126.00 172.00 OK
r-patched-linux-x86_64 1.3 50.19 86.90 137.09 OK
r-release-linux-x86_64 1.3 44.31 81.73 126.04 OK
r-release-macos-arm64 1.3 OK
r-release-macos-x86_64 1.3 OK
r-release-windows-ix86+x86_64 1.3 130.00 153.00 283.00 OK
r-oldrel-macos-x86_64 1.3 OK
r-oldrel-windows-ix86+x86_64 1.3 131.00 157.00 288.00 OK

Check Details

Version: 1.3
Check: compiled code
Result: NOTE
    File ‘starma/libs/starma.so’:
     Found no calls to: ‘R_registerRoutines’, ‘R_useDynamicSymbols’
    
    It is good practice to register native routines and to disable symbol
    search.
    
    See ‘Writing portable packages’ in the ‘Writing R Extensions’ manual.
Flavors: r-devel-linux-x86_64-fedora-clang, r-devel-linux-x86_64-fedora-gcc