Last updated on 2022-04-08 01:48:59 CEST.
Flavor | Version | Tinstall | Tcheck | Ttotal | Status | Flags |
---|---|---|---|---|---|---|
r-devel-linux-x86_64-debian-clang | 0.2 | 2.83 | 36.32 | 39.15 | NOTE | |
r-devel-linux-x86_64-debian-gcc | 0.2 | 2.48 | 29.04 | 31.52 | NOTE | |
r-devel-linux-x86_64-fedora-clang | 0.2 | 48.99 | NOTE | |||
r-devel-linux-x86_64-fedora-gcc | 0.2 | 36.94 | NOTE | |||
r-devel-windows-x86_64-new-UL | 0.2 | 11.00 | 53.00 | 64.00 | NOTE | |
r-patched-linux-x86_64 | 0.2 | 4.49 | 35.70 | 40.19 | NOTE | |
r-release-linux-x86_64 | 0.2 | 3.08 | 35.21 | 38.29 | NOTE | |
r-release-macos-arm64 | 0.2 | NOTE | ||||
r-release-macos-x86_64 | 0.2 | NOTE | ||||
r-release-windows-ix86+x86_64 | 0.2 | 6.00 | 45.00 | 51.00 | NOTE | |
r-oldrel-macos-x86_64 | 0.2 | OK | ||||
r-oldrel-windows-ix86+x86_64 | 0.2 | 6.00 | 43.00 | 49.00 | OK |
Version: 0.2
Check: LazyData
Result: NOTE
'LazyData' is specified without a 'data' directory
Flavors: r-devel-linux-x86_64-debian-clang, r-devel-linux-x86_64-debian-gcc, r-devel-linux-x86_64-fedora-clang, r-devel-linux-x86_64-fedora-gcc, r-devel-windows-x86_64-new-UL, r-patched-linux-x86_64, r-release-linux-x86_64, r-release-macos-arm64, r-release-macos-x86_64, r-release-windows-ix86+x86_64