Last updated on 2022-04-08 01:48:59 CEST.
Flavor | Version | Tinstall | Tcheck | Ttotal | Status | Flags |
---|---|---|---|---|---|---|
r-devel-linux-x86_64-debian-clang | 0.2.0 | 16.36 | 61.15 | 77.51 | OK | |
r-devel-linux-x86_64-debian-gcc | 0.2.0 | 14.61 | 46.41 | 61.02 | OK | |
r-devel-linux-x86_64-fedora-clang | 0.2.0 | 101.75 | NOTE | |||
r-devel-linux-x86_64-fedora-gcc | 0.2.0 | 85.68 | NOTE | |||
r-devel-windows-x86_64-new-UL | 0.2.0 | 25.00 | 101.00 | 126.00 | OK | |
r-patched-linux-x86_64 | 0.2.0 | 14.78 | 57.98 | 72.76 | OK | |
r-release-linux-x86_64 | 0.2.0 | 11.66 | 55.46 | 67.12 | OK | |
r-release-macos-arm64 | 0.2.0 | NOTE | ||||
r-release-macos-x86_64 | 0.2.0 | NOTE | ||||
r-release-windows-ix86+x86_64 | 0.2.0 | 44.00 | 94.00 | 138.00 | OK | |
r-oldrel-macos-x86_64 | 0.2.0 | NOTE | ||||
r-oldrel-windows-ix86+x86_64 | 0.2.0 | 45.00 | 97.00 | 142.00 | OK |
Version: 0.2.0
Check: dependencies in R code
Result: NOTE
Namespaces in Imports field not imported from:
‘extrafont’ ‘ggplot2’
All declared Imports should be used.
Flavors: r-devel-linux-x86_64-fedora-clang, r-devel-linux-x86_64-fedora-gcc, r-release-macos-arm64, r-release-macos-x86_64, r-oldrel-macos-x86_64